{"id":88,"date":"2013-01-24T19:03:05","date_gmt":"2013-01-24T18:03:05","guid":{"rendered":"http:\/\/www.relaunch.imkerverein-freising.de\/?page_id=88"},"modified":"2026-01-22T16:27:05","modified_gmt":"2026-01-22T15:27:05","slug":"versammlungen","status":"publish","type":"page","link":"https:\/\/www.imkerverein-freising.de\/?page_id=88","title":{"rendered":"Versammlungen 2026"},"content":{"rendered":"<table style=\"height: 303px;\" border=\"1\" width=\"636\" cellspacing=\"0\" cellpadding=\"0\">\n<tbody>\n<tr>\n<td valign=\"top\" width=\"236\">\n<p align=\"center\"><strong>Jahreshauptversammlung<\/strong><\/p>\n<\/td>\n<td valign=\"top\" width=\"236\">\n<p align=\"center\"><strong>Fr\u00fchjahrsversammlung<\/strong><\/p>\n<\/td>\n<td valign=\"top\" width=\"236\">\n<p align=\"center\"><strong>Herbstversammlung<\/strong><\/p>\n<\/td>\n<\/tr>\n<tr>\n<td valign=\"top\" width=\"236\">\n<p align=\"center\">06. Februar &#8211; 19.00 Uhr<\/p>\n<p align=\"center\"><em>(nicht \u00f6ffentliche Sitzung)<\/em><\/p>\n<p align=\"center\"><strong>Veranstaltungsort:<\/strong><br \/>\nLandgasthof Nagerl<br \/>\nBahnhofstr. 6<br \/>\n85417 Marzling<\/p>\n<\/td>\n<td valign=\"top\" width=\"274\">\n<p align=\"center\">entf\u00e4llt<\/p>\n<\/td>\n<td valign=\"top\" width=\"265\">\n<p align=\"center\">entf\u00e4llt<i><\/i><i><\/i><\/p>\n<\/td>\n<\/tr>\n<\/tbody>\n<\/table>\n<p align=\"center\">\n","protected":false},"excerpt":{"rendered":"<p>Jahreshauptversammlung Fr\u00fchjahrsversammlung Herbstversammlung 06. Februar &#8211; 19.00 Uhr (nicht \u00f6ffentliche Sitzung) Veranstaltungsort: Landgasthof Nagerl Bahnhofstr. 6 85417 Marzling entf\u00e4llt entf\u00e4llt &hellip; <a class=\"more-link\" href=\"https:\/\/www.imkerverein-freising.de\/?page_id=88\">Weiterlesen <span class=\"meta-nav\">&rarr;<\/span><\/a><\/p>\n","protected":false},"author":1,"featured_media":0,"parent":31,"menu_order":21,"comment_status":"closed","ping_status":"closed","template":"","meta":{"footnotes":""},"class_list":["post-88","page","type-page","status-publish","hentry"],"jetpack_sharing_enabled":true,"_links":{"self":[{"href":"https:\/\/www.imkerverein-freising.de\/index.php?rest_route=\/wp\/v2\/pages\/88","targetHints":{"allow":["GET"]}}],"collection":[{"href":"https:\/\/www.imkerverein-freising.de\/index.php?rest_route=\/wp\/v2\/pages"}],"about":[{"href":"https:\/\/www.imkerverein-freising.de\/index.php?rest_route=\/wp\/v2\/types\/page"}],"author":[{"embeddable":true,"href":"https:\/\/www.imkerverein-freising.de\/index.php?rest_route=\/wp\/v2\/users\/1"}],"replies":[{"embeddable":true,"href":"https:\/\/www.imkerverein-freising.de\/index.php?rest_route=%2Fwp%2Fv2%2Fcomments&post=88"}],"version-history":[{"count":35,"href":"https:\/\/www.imkerverein-freising.de\/index.php?rest_route=\/wp\/v2\/pages\/88\/revisions"}],"predecessor-version":[{"id":1237,"href":"https:\/\/www.imkerverein-freising.de\/index.php?rest_route=\/wp\/v2\/pages\/88\/revisions\/1237"}],"up":[{"embeddable":true,"href":"https:\/\/www.imkerverein-freising.de\/index.php?rest_route=\/wp\/v2\/pages\/31"}],"wp:attachment":[{"href":"https:\/\/www.imkerverein-freising.de\/index.php?rest_route=%2Fwp%2Fv2%2Fmedia&parent=88"}],"curies":[{"name":"wp","href":"https:\/\/api.w.org\/{rel}","templated":true}]}}