{"id":42,"date":"2013-01-21T19:12:38","date_gmt":"2013-01-21T18:12:38","guid":{"rendered":"http:\/\/www.relaunch.imkerverein-freising.de\/?page_id=42"},"modified":"2024-03-26T07:27:33","modified_gmt":"2024-03-26T06:27:33","slug":"impressum","status":"publish","type":"page","link":"https:\/\/www.imkerverein-freising.de\/?page_id=42","title":{"rendered":"Impressum"},"content":{"rendered":"<p><strong>Inhaltlich Verantwortlicher gem\u00e4\u00df TMG<br \/>\n<\/strong>Erster Vorst\u00e4ndin Viktoria Schmidt<\/p>\n<p><strong>Vereinsangaben<br \/>\n<\/strong>Imkerverein Freising e.V.<br \/>\nIgnaz-G\u00fcnther-Stra\u00dfe 5<br \/>\nFreising- Neustift<br \/>\nVereinsregister M\u00fcnchen: VR 120121 M\u00fcnchen<\/p>\n<p><strong>Ansprechpartner<br \/>\n<\/strong>Viktoria Schmidt<br \/>\nWeinmillerstr. 11<br \/>\n85356 Freising<br \/>\nTelefon 0156\/79176567<\/p>\n<p><strong>Mail<br \/>\n<\/strong><span style=\"color: #ff6600;\"><a style=\"color: #ff6600;\" href=\"mailto: info@imkerverein-freising.de\">info@imkerverein-freising.de<\/a><\/span><\/p>\n","protected":false},"excerpt":{"rendered":"<p>Inhaltlich Verantwortlicher gem\u00e4\u00df TMG Erster Vorst\u00e4ndin Viktoria Schmidt Vereinsangaben Imkerverein Freising e.V. Ignaz-G\u00fcnther-Stra\u00dfe 5 Freising- Neustift Vereinsregister M\u00fcnchen: VR 120121 M\u00fcnchen Ansprechpartner Viktoria Schmidt Weinmillerstr. 11 85356 Freising Telefon 0156\/79176567 Mail info@imkerverein-freising.de &hellip; <a class=\"more-link\" href=\"https:\/\/www.imkerverein-freising.de\/?page_id=42\">Weiterlesen <span class=\"meta-nav\">&rarr;<\/span><\/a><\/p>\n","protected":false},"author":1,"featured_media":0,"parent":0,"menu_order":80,"comment_status":"closed","ping_status":"closed","template":"","meta":{"footnotes":""},"class_list":["post-42","page","type-page","status-publish","hentry"],"jetpack_sharing_enabled":true,"_links":{"self":[{"href":"https:\/\/www.imkerverein-freising.de\/index.php?rest_route=\/wp\/v2\/pages\/42","targetHints":{"allow":["GET"]}}],"collection":[{"href":"https:\/\/www.imkerverein-freising.de\/index.php?rest_route=\/wp\/v2\/pages"}],"about":[{"href":"https:\/\/www.imkerverein-freising.de\/index.php?rest_route=\/wp\/v2\/types\/page"}],"author":[{"embeddable":true,"href":"https:\/\/www.imkerverein-freising.de\/index.php?rest_route=\/wp\/v2\/users\/1"}],"replies":[{"embeddable":true,"href":"https:\/\/www.imkerverein-freising.de\/index.php?rest_route=%2Fwp%2Fv2%2Fcomments&post=42"}],"version-history":[{"count":12,"href":"https:\/\/www.imkerverein-freising.de\/index.php?rest_route=\/wp\/v2\/pages\/42\/revisions"}],"predecessor-version":[{"id":1214,"href":"https:\/\/www.imkerverein-freising.de\/index.php?rest_route=\/wp\/v2\/pages\/42\/revisions\/1214"}],"wp:attachment":[{"href":"https:\/\/www.imkerverein-freising.de\/index.php?rest_route=%2Fwp%2Fv2%2Fmedia&parent=42"}],"curies":[{"name":"wp","href":"https:\/\/api.w.org\/{rel}","templated":true}]}}